the remainder when 202 is divided by m.
15
Let n = 3941 - 3864. Calculate the remainder when n is divided by 6.
5
Let h be 158/(-6) - 2/(-6). Let g be -9*(-4 + 3) - (6 - (10 + -8)). Let o = g - h. Calculate the remainder when 246 is divided by o.
29
What is the remainder when (-18 - -51)/((-438)/63 + 5 + 2) is divided by 180?
153
Suppose 0 = -9*v + 8548 + 2675. Calculate the remainder when v is divided by 96.
95
Let t(v) = -12*v**2 - 2*v + 4. Let a be t(1). Let f = a + 66. Calculate the remainder when f is divided by 20.
16
Let r = -154 - -166. Suppose -31*t + 1064 = -r*t. Calculate the remainder when 279 is divided by t.
55
Let o = 4282 - 1653. What is the remainder when o is divided by 8?
5
Let g(h) be the third derivative of 0*h + 0 - 19*h**2 + 13/2*h**3 + 1/24*h**4. Calculate the remainder when 158 is divided by g(14).
52
Suppose 0 = 5*v - 17 - 8, v = 2*x - 3511. What is the remainder when x is divided by 43?
38
Let b = 519 + -296. Suppose 5*s + 465 = 5*u + 90, 3*u - b = 4*s. Suppose -k + 85 = g + 73, 40 = 2*k - 2*g. What is the remainder when u is divided by k?
13
Let l = -1663209 + 2572836. Calculate the remainder when l/759 + (-6)/(-11) is divided by 100.
99
Suppose 171*j - 172*j + 1029 = s, -3*s + 3087 = -2*j. Calculate the remainder when s is divided by 47.
42
Let h(a) = -1164*a + 4848. What is the remainder when 593 is divided by h(4)?
17
Let y = -6505 + 7292. Calculate the remainder when y is divided by 34.
5
Suppose 5*v + 3*o = -0*o + 959, -2*v + 386 = 2*o. Let t = v + -133. Calculate the remainder when (-1988)/(-12) - 3/(-9) is divided by t.
52
Let d(p) = p**2 - 6*p. Let l be d(5). Let f(t) = -t + 4. Let q = -489 + 492. What is the remainder when f(l) is divided by q?
0
Suppose -5*v - 4*z + 214 = -4719, 0 = 2*v + 5*z - 1980. Calculate the remainder when v is divided by 13.
10
Let b = -60 + 32. Let z = b - -48. Suppose -41 = -4*d - 3*y, 2*d + 5*y + 1 = 4*d. What is the remainder when z is divided by d?
4
Suppose 4*p = -4, 25*p - 20*p = -2*r + 153. What is the remainder when 154 is divided by r?
75
Let p be -5 + 11/(-3) + (-5)/(-3). What is the remainder when 18/6 + p - -36 is divided by 3?
2
Let n(p) = -358*p - 9605. Calculate the remainder when 779 is divided by n(-29).
2
What is the remainder when 1203 is divided by -510*((-5 - -2) + (-480)/(-180))?
13
Let v(l) = -l**3 + 25*l**2 + 152*l + 24. Calculate the remainder when v(30) is divided by 5.
4
Let m(x) be the third derivative of x**4/12 - 10*x**3/3 + 31*x**2. Let n be m(9). What is the remainder when 18 is divided by 11/n*(-5 + -4 + 7)?
7
Let s(i) = 11*i**3 + 2*i**2 + 2*i + 52. Calculate the remainder when 382 is divided by s(0).
18
Let b = -3 + -4. Let a(d) = d**3 + 6*d**2 - 10*d + 1. What is the remainder when a(b) is divided by ((-8)/(-6))/(8/(-30)*60/(-144))?
10
Let a(o) = -o**3 - 137*o**2 - 15*o - 2012. Calculate the remainder when a(-137) is divided by (4/6)/((-8)/(-108)).
7
Let h(x) = -43*x - 72. Let y be 0 + (-7 - 4) + 6. What is the remainder when h(y) is divided by 30?
23
Suppose 8*m = -3*m + 495. Suppose 2*t + 2*a = 256, 8*t - 3*a - 680 = 3*t. Let f = 43 + t. Calculate the remainder when f is divided by m.
41
Let r(d) = -d**2 - 12*d - 15. Suppose -3*v - 39 = -9. Let h be r(v). Suppose 0 = 2*z - 4*l, -1 = h*l - 6. Calculate the remainder when 10 is divided by z.
0
Suppose 2*b = 5*v - 229, -5*b = -7*v + 9*v - 109. Suppose -2*w - 5*h + v = -14, 220 = 5*w - h. Let t = 81 - w. What is the remainder when 149 is divided by t?
35
Let g(t) = 52*t - 114. Let w = 213 + -78. Calculate the remainder when w is divided by g(3).
9
Let w(a) = 23 + 11*a - 7*a - 18*a + 63 + 20. Calculate the remainder when 33 is divided by w(6).
11
Let u = 52 + 56. Suppose 148*a - 150*a + 113 = -3*h, 6*h + 61 = a. What is the remainder when u is divided by a?
53
Let t = -871 - -1247. Let n = t + -360. What is the remainder when 93 is divided by n?
13
Let w = 4838 + -4614. Calculate the remainder when 451 is divided by w.
3
Let u be (-7)/(((-1)/2)/((-4)/(-8))). Suppose u*g - 20 = -3*g. Suppose q + 5*m - 38 = -3*q, 0 = g*m - 4. What is the remainder when 25 is divided by q?
4
Let i be 28*9/36 + (-1)/1. Suppose -2*d = -2*m - 84, 2*d - i*m - 84 = -2*m. Calculate the remainder when d is divided by 10.
2
Let i = -30206 - -40735. Calculate the remainder when i is divided by 65.
64
Let t = 108 - 123. Suppose 8*d + 66 = 14*d. Calculate the remainder when t/(-8) + -2 - (-6970)/80 is divided by d.
10
Suppose 3*b + 1 = -4*v + 6*v, v = 3*b - 4. Suppose 0 = -2*h + 3*y + y - 12, 4*y = -v*h + 26. Calculate the remainder when 27 is divided by h.
1
Suppose -4*p + 136*t + 2092 = 140*t, -t - 1 = 0. Calculate the remainder when 1068 is divided by p.
20
What is the remainder when (10/(-80)*-764)/(4/8) is divided by 33?
26
Suppose -1 = -3*h + 2. Calculate the remainder when (-166)/(-5) - h/5 is divided by -1 + 1/3 - (-184)/24.
5
Let m = -124 - -235. Let z = m - 96. Calculate the remainder when 314 is divided by z.
14
Let r(a) = a**3 + 13*a**2 - 16*a + 14. Suppose 27*h - 28*h = 14. Let o(j) = 4*j + 13. What is the remainder when r(h) is divided by o(-1)?
6
Let x(b) = 2*b**2 + 4*b + 46. Suppose 5*d = 2*v - 62, 4*d + 5*v - 10 + 53 = 0. Calculate the remainder when x(d) is divided by 29.
25
Suppose -8*z + z + 42 = 0. Calculate the remainder when 5 is divided by 16*z/(-12) - -10.
1
Let l = -12822 - -12855. Calculate the remainder when 1548 is divided by l.
30
Let n be (-12)/(((-4)/56)/(6/(-24))). Let g = n + 56. What is the remainder when 110 is divided by g?
12
Let b = -1 - 6. Let s(l) = -l**3 - 8*l**2 - 10*l + 3. Let t be s(b). Suppose a - t = -a. What is the remainder when 69 is divided by a?
9
Let v = 22848 + -20439. What is the remainder when v is divided by 59?
49
Suppose -12*s = -14*s + 196. Suppose -s = -3*a - 50. What is the remainder when 607 is divided by a?
15
Suppose -467*v = -450*v - 1343. What is the remainder when 946 is divided by v?
77
Let k = -4 + 6. Suppose 0*z = -k*z - 2*v + 12, 3*z - 26 = 5*v. Suppose 0 = 2*s - 0*s - 3*u - 46, -3*u = 4*s - 110. What is the remainder when s is divided by z?
5
Suppose -2*j - 5*z = 2*j + 1988, -2*j = -5*z + 994. Let y = -121 - j. What is the remainder when y is divided by 54?
52
Calculate the remainder when (-15811600)/(-656) - (-46)/(-943) is divided by 17.
14
Let l(f) = -f**2 - 36*f - 110. Suppose 0 = -12*u - 630 + 246. What is the remainder when 556 is divided by l(u)?
16
Let z be (-60)/(-33) - (-4)/22. Let x = -8075 + 8194. What is the remainder when x is divided by (-1)/z*(-53 - -5)?
23
Suppose 6*l - 3 = 15. Suppose -64 = -2*r + 5*d + 204, -l*r = d - 385. What is the remainder when r is divided by 10?
9
Suppose 4*i - 8 = 4*j, -j - i = -3*j + 1. Suppose 0 = -4*p + j*p + 20. What is the remainder when 92 is divided by p?
12
Let z be 2656/20 + (-4)/5. Let m = z - -4. Calculate the remainder when m is divided by 18.
10
Let i be (21/(-6) - -6) + 226/(-4). Calculate the remainder when 205 is divided by (i - -51) + -1*19*-1.
13
Suppose 0*r - 510 = -5*r. Let g = r + -61. Let m(n) = -154*n + 169. What is the remainder when g is divided by m(1)?
11
Suppose 0 = -4*k + 16 - 0, -5*x = -4*k - 84. What is the remainder when x/8*(-238)/(-35) is divided by 10?
7
Suppose 5*n = 5 - 0. Let z be 45 - (n/1 + 1). Let r = z - 30. What is the remainder when 21 is divided by r?
8
Let k(i) = -i**3 + 4*i**2 + 26*i + 26. Let n be k(-5). Suppose 0 = 4*q + 29 - n. What is the remainder when 94 is divided by q?
2
Suppose -6140*x + 13482 = -6122*x. What is the remainder when x is divided by 12?
5
Let y(u) = -707*u - 1341. Calculate the remainder when y(-3) is divided by 131.
125
Let v = -815 + 533. Let g = v + 322. Calculate the remainder when 116 is divided by g.
36
What is the remainder when 1630 is divided by 1171/23 + 102/1173?
49
Let n(q) = q**2 - q - 45. Let j be n(0). Let m = 138 + j. Let b = m - 76. What is the remainder when 50 is divided by b?
16
Suppose 0 = 9*f + 2*f - 319. Let u(k) = k**3 - 29*k**2 + 4*k + 61. What is the remainder when u(f) is divided by 30?
27
Let w(n) = 2*n**2 + n - 853. Let r be (-4)/6*135/(-10). What is the remainder when w(-21) is divided by (-2)/(1*(-6)/r)?
2
Let g = -3760 - -3821. What is the remainder when 3717 is divided by g?
57
Suppose m = 5*y + 68 + 8, -2*y +